tors of m(10)?
17, 19
Suppose 7 = 3*m - 5. Suppose 4*o + m*d = 24, -2*o = -5*o - 5*d + 14. List the prime factors of o.
2
Suppose -o + 27 = 2*o. Suppose 16 = -o*y + 11*y. What are the prime factors of y?
2
Suppose 4*m + 12 = 0, 5*m - 55 = 5*r - 150. Suppose w - 6*y + 3*y - r = 0, -5*y = 10. What are the prime factors of w?
2, 5
Let n = -12 + 17. Suppose 0 = 3*t - 0*t - 5*c - 245, -n*t + c + 401 = 0. Let x = t - 44. What are the prime factors of x?
2, 3
Suppose 2240 = z - 5*d, -9552 = -3*z + d - 2874. List the prime factors of z.
5, 89
List the prime factors of (0 - 2)/(-2*(-3)/(-13146)).
2, 7, 313
Suppose 4*j - 94 = j + s, -3*s = 3*j - 114. Let t be 14/3*j/(-2). Let h = -54 - t. What are the prime factors of h?
23
Suppose -7*p + 1730 + 300 = 0. What are the prime factors of p?
2, 5, 29
Let k = -1187 + 1850. What are the prime factors of k?
3, 13, 17
Suppose -358 - 46 = -g + 2*p, -5*g + 2*p = -2020. List the prime factors of g.
2, 101
Let w(v) = v**2 - 21*v + 12. Let c(a) = -2*a**2 + 43*a - 24. Let s(t) = 4*c(t) + 9*w(t). Let m be s(9). List the prime factors of m/(-9) - 6/9.
2, 3
Suppose -10*w + 648 = -w. List the prime factors of w.
2, 3
Let s(y) = y**3 + 4*y**2 - y + 5. Let b be s(-5). What are the prime factors of 5/(15/(-2))*b?
2, 5
Suppose s - 3*a = 2*a - 3, -5*a = -5*s + 5. Let u = 12 + -7. Suppose -u + 53 = s*o. List the prime factors of o.
2, 3
Let f(l) = -3*l**2 + 2*l - 9. Let u be f(4). Let w = -30 - u. List the prime factors of w.
19
List the prime factors of (1044/(-24) - -11)*184/(-10).
2, 13, 23
Let r = 4068 - 1537. What are the prime factors of r?
2531
Let m = 7050 - 3024. List the prime factors of m.
2, 3, 11, 61
Let f = 7 - -9. Let t = -17 + f. Let w(m) = 26*m**2 - m + 1. List the prime factors of w(t).
2, 7
Suppose -4*o + 37 = 157. Let a = 95 + o. List the prime factors of a.
5, 13
Let h be ((-6)/(-9))/(80/(-42) + 2). What are the prime factors of (-504)/(-3) + -3 + h + -6?
2, 83
Let m(q) = 5*q**2 - q + 0*q**3 + 12*q**3 - 3*q**3 + 3 - 3*q**2. List the prime factors of m(2).
3
Let q(k) be the second derivative of k**3/6 + 9*k**2/2 - 2*k. Let m be q(-6). What are the prime factors of 1 + -48*(2 - m)?
7
Suppose 3*s + 4*w = -245, -2*s + 4*w = -3*s - 95. What are the prime factors of (-45)/s*(-3)/((-6)/130)?
3, 13
Let h(c) = 26*c - 13*c - 5*c + 4*c**2 + 6 + 1. Suppose -4*b - t = 23, 0 = -3*b + 5*b - 4*t - 2. List the prime factors of h(b).
67
Suppose 0 = -2*m + 8 - 4. Suppose 5*k = y - m*y - 86, -490 = 5*y - 5*k. Let z = y + 142. List the prime factors of z.
2, 23
Suppose 18*u = 22*u - 420. List the prime factors of u.
3, 5, 7
List the prime factors of (3 - 4196/(-16)) + 2/(-8).
5, 53
Suppose m + 3*u - 2*u = 12, -5*m = u - 64. Let h(n) = n - 14. Let z be h(m). Let d(p) = -37*p + 1. What are the prime factors of d(z)?
2, 19
Let r = -142 - -146. What are the prime factors of r?
2
Suppose -w + 0*w + 3 = 0, w = 5*h - 32. Suppose h*i - 15 = 12*i. Let q = 9 + i. What are the prime factors of q?
2, 3
Let d(c) = -c**2 + 19*c - 17. Let x be d(7). Let h = 75 - x. What are the prime factors of h?
2
Suppose 2*l + 7 = 11. Suppose -a - 2*n - 3*n + 7 = 0, -l*a + 4*n = 0. What are the prime factors of (736/48)/(a/6)?
2, 23
Let s(g) be the third derivative of -1/120*g**6 + 11/6*g**3 + 1/6*g**4 + 0 + 0*g - 1/20*g**5 - 8*g**2. List the prime factors of s(-5).
41
Suppose 0 + 348 = -6*u. Let m = 195 + u. What are the prime factors of m?
137
Let u = -232 - -412. Suppose 4*j = 2*z - u, -3*z = -4*z + 5*j + 81. List the prime factors of z.
2, 3
What are the prime factors of ((-24728)/(-176))/(2/4)?
281
Let y(o) = 152*o + 1. Let a be y(1). Let b be 119/a - 4/(-18). List the prime factors of 13/b + 1*4.
17
Let i(z) = -2*z**2 - 7. Let h be i(-5). Let n = h + 135. What are the prime factors of n?
2, 3, 13
Let h(r) = -r**2 - 6*r + 7. Let n be h(-7). Suppose 48 = 3*s - n*s. Suppose s = a - 11. List the prime factors of a.
3
Let l be 1*(-2)/4*2. Let p = 20 - 34. What are the prime factors of (p - l)/(2 + -3)?
13
Suppose 0 = -19*m + 14*m + 4755. List the prime factors of m.
3, 317
Suppose -3*o + 4*o - 119 = 0. List the prime factors of o.
7, 17
Let m be (15 - 1)/(9 - 8). Suppose w = b + 32, -5*w + m = -11. Let h = 60 + b. What are the prime factors of h?
3, 11
Let k be (-99)/(-81) + 4/(-18). Let g be 6 - (2/1 - k). Let b = 11 + g. What are the prime factors of b?
2
Let b = 660 - 274. List the prime factors of b.
2, 193
Suppose 6 = 4*t + 2, -4*h + 2*t + 16694 = 0. List the prime factors of h.
2, 2087
Let x = -9 + 36. Suppose 3*s - x = 4*b + 142, -b = 1. List the prime factors of s.
5, 11
Let x(d) = 8*d**2 - 17*d + 24. List the prime factors of x(16).
2, 3, 5
List the prime factors of (-18)/(-33) + (-24336)/(-33).
2, 3, 41
Let t(k) = -k**2 - k. Let h = -15 + 18. Let x(a) = -a**2 - a + 1. Let s(m) = h*x(m) - 5*t(m). What are the prime factors of s(-3)?
3, 5
Let q = 17 - -18. Suppose q*n - 258 = 32*n. What are the prime factors of n?
2, 43
Let w(z) = 2*z - 11. Let u be 2/9 - 1600/(-90). List the prime factors of w(u).
5
Suppose 8*m - 4 = 7*m. Suppose m*x = -0*x + 24. What are the prime factors of (-1197)/(-18) + x/4?
2, 17
Let j be (-1)/(1 + (-104)/102). Suppose j = 3*k - 465. Suppose -4*b + 8*b - k = 0. List the prime factors of b.
43
Suppose -f - 2*i + 463 = 0, -3*f = 5*i - 1569 + 178. What are the prime factors of f?
467
Let x(o) = 8*o**3 - 3*o**2 - 15*o - 5. What are the prime factors of x(5)?
5, 13
Let q(d) = d**3 + d**2 + 17. Let f be q(0). Let m = f - 42. Let s = -8 - m. What are the prime factors of s?
17
Let n(v) = -17*v**3 + v**2 - 1. Let m be n(1). Let r = -19 + m. What are the prime factors of 37/3 - (-12)/r?
2, 3
Suppose 3*p = -o + 525, 2*p = 7 - 3. What are the prime factors of o?
3, 173
Let i(a) = a - 2. Let y be i(6). Suppose -701 - 95 = -y*g. What are the prime factors of g?
199
Suppose -9*g = -g. Let t = 24 + g. What are the prime factors of t?
2, 3
Let w(h) = 2606 - 1303 - 1302 + 2*h**2. Suppose -4 = -4*s + 12. What are the prime factors of w(s)?
3, 11
Suppose -16 = v - 5*v. Suppose 6 = -d + 6*d - 3*p, 4*p - 3 = 3*d. Suppose 2*s - 190 = -d*y, v*y + 5*s = s + 256. What are the prime factors of y?
2, 31
Let y = 26 + -26. Suppose m + 4*f + 15 = y, m + 3*f + 35 = 5*m. List the prime factors of m.
5
Suppose 0 = -z - 4*h - 370, -5*z - h = -z + 1435. Let y = -249 - z. List the prime factors of y.
109
Let g = 82 - 51. Let p = g + -3. List the prime factors of p.
2, 7
Let n(k) = -15*k**2 + 20*k - 11. Let g(s) = 8*s**2 - 10*s + 6. Let t(w) = -11*g(w) - 6*n(w). List the prime factors of t(6).
2, 3
Let g(q) be the third derivative of -q**6/120 + q**5/12 - q**4/8 + q**3/6 + 2*q**2. Let m = 7 - 4. List the prime factors of g(m).
2, 5
Let u be (4 - 3) + 20/5. Suppose 1162 = u*n + 327. Suppose 5*c = -4*h + n, 2*h - 207 = -2*h + 3*c. List the prime factors of h.
2, 3
Let v = 656 + -410. Suppose -5*u - t = 2*t - 256, 5*u - 2*t - v = 0. List the prime factors of u.
2, 5
Suppose -49*l + 42*l = -8526. What are the prime factors of l?
2, 3, 7, 29
Suppose 0 = -7*g + 2*g. Let x be -2 + 1 - (-1 + g). Suppose -2*s - 4 = i, x = 5*s + 5 + 15. What are the prime factors of i?
2
Suppose -68*h = -55*h - 6955. List the prime factors of h.
5, 107
Suppose -17 = -4*s + 7. Let f(q) = 10*q + 13. Let i be f(1). Let c = i - s. What are the prime factors of c?
17
Let w(t) = -14*t**2 + 3*t - 3. Let y be w(2). Let l(p) = 4*p**2 - 12*p - 35. Let h be l(-4). Let b = y + h. What are the prime factors of b?
2, 3
Let a(x) = 5*x**3 - 11*x**2 - 7*x + 9. Let h be a(5). Suppose 0 = -5*n + 7*n - h. List the prime factors of n.
2, 3
Let j(s) = 5*s**3 + 8*s**2 - 4*s - 5. Let r be j(-6). Let b = -478 - r. What are the prime factors of b?
5, 59
Let a be (-5)/15 - 2/(-6). Suppose 6*s - 785 + 269 = a. List the prime factors of s.
2, 43
Let o(b) be the second derivative of b**5/20 - 5*b**4/12 + b**3/3 - 7*b**2/2 - 8*b. Let s be o(5). Suppose 148 + 14 = s*a. What are the prime factors of a?
2, 3
What are the prime factors of 6 + (-7926)/(-33) + 2/(-11)?
2, 3, 41
Let m be (-1)/(25/(-20)) - 444/5. Let k = m + 119. What are the prime factors of k?
31
Suppose 0 = -3*b - 4*i + 8, 2*i = 5*b - 19 - 3. Suppose -3*p + 496 = b*w - 789, w + p - 321 = 0. List the prime factors of w.
2, 7, 23
Let r be 15*(-24)/(-20